-f + 19. Let m(n) = -2. Let g(p) = -2*h(p) + 4*m(p). Let a be g(23). What is the units digit of (a - 3)/(-3) + 0?
1
Suppose -13*u + 15*u + 4 = 0. Let j(g) = -6*g - 12. Let p be j(u). Suppose -x - 5*y = -2*x + 73, p = x - 2*y - 76. What is the tens digit of x?
7
Let u = 7003 - -22961. What is the tens digit of u?
6
Suppose -2*g + 3 + 1 = 0, -4*g - 32 = -4*n. Suppose 0 = n*l - 48 - 322. What is the units digit of l - ((-25)/(-5) + -3*1)?
5
Suppose -2*d - 13018 = -31*d - 3303. Suppose z + z = -374. Let f = d + z. What is the hundreds digit of f?
1
Suppose 27*n = 17*n + 1490. Suppose 164 = -4*v + 8. Let q = n + v. What is the hundreds digit of q?
1
Suppose 127*c - 35*c - 141680 = 0. What is the tens digit of c?
4
Suppose 8*p - 10972 = -5*p. Suppose -2*r + 3*n = -840, 2*r + 2*n = 4*n + p. What is the units digit of r?
6
Let k = -81 - -113. Suppose k = s + 2*y, -3*s - 2*s + 204 = -y. Suppose s*g - 43*g = -279. What is the units digit of g?
3
Suppose -3*z = -4*c - 14, -5*z + 3*c + 20 = -2*c. Suppose 0 = -z*l + s + 922, -l = -4*s - 37 - 417. What is the tens digit of l?
6
Let h = -17598 + 37620. What is the ten thousands digit of h?
2
Let x(t) = -t - 3. Let d be x(-5). Let c be (-6)/d*(-568)/24. Let w = -42 + c. What is the tens digit of w?
2
Let d = 5643 - 5170. Suppose 6*u + 1590 = u. Let g = d + u. What is the tens digit of g?
5
What is the ten thousands digit of 1 + 49050 - (6 - 16 - -3)?
4
Let t = -75 - -80. What is the units digit of t + ((-10)/5 - -15) + -3?
5
Let s be (-787)/((-4 + 8)*2/(-8)). Suppose 2*i = -3*j + s, 847 = -4*i - j + 2396. What is the tens digit of i?
8
Let q = 31744 + -16486. What is the hundreds digit of q/42 - (-4)/(-14)?
3
Let w = -49 + 88. Suppose w = 3*i + 27. What is the units digit of 183 + -1*(i + -7)?
6
Let m(h) = 22*h - 31. Let y be m(2). Suppose -9*b - 4140 = -y*b. What is the hundreds digit of b?
0
Suppose -4*r - 5*d + 3 = -4, 0 = -3*r - 2*d + 7. Suppose -2*i = -g + 12, 0*g - r*g + 8 = i. What is the units digit of (g/12)/(3/207)?
3
Let b(k) = 21*k**3 - 10*k**2 + 42*k - 208. What is the units digit of b(12)?
4
Let u(d) = 2*d**3 - 4*d**2 + 2*d + 3. Let x be (-2)/(-12) + (-187)/(-66). Let f be u(x). Let g = 64 - f. What is the tens digit of g?
3
Suppose 0 = -9*c - 1 + 28. Suppose v + c*z - 56 - 196 = 0, 2*z = 4*v - 1050. What is the hundreds digit of v?
2
Suppose -13174 = -24*x + 22*x + 2*f, 0 = -3*x - 4*f + 19740. What is the hundreds digit of x?
5
Let i = 44859 + -3476. What is the hundreds digit of i?
3
Let q be 28/98 + 27184/14. Let w = q + -959. What is the units digit of w?
3
Let h(f) = -f**3 + 9*f**2 - 5*f + 20. Let j be (150/(-4)*48/(-60))/1. Suppose 2*a + j = 4*x, 0*x - 2*a = 5*x - 24. What is the units digit of h(x)?
8
Suppose -936 = -4*i - 3*f, -4*i + 4*f = -68 - 868. Suppose 0 = -y + i + 386. What is the units digit of y?
0
Let n(j) = 93*j + 43. Let r be n(14). Let m = r + -936. What is the units digit of m?
9
Let b(t) = -t - 19. Let i be b(-6). Let c = i - 32. Let p = 79 + c. What is the tens digit of p?
3
Let q = 123 + -115. What is the hundreds digit of 2/q - (-50)/(-16)*-94?
2
Let v = 1180 - 668. Suppose -f + 363 = -4*o - 149, 0 = f - 2*o - v. Suppose 6*j + f = 10*j. What is the tens digit of j?
2
Suppose 3*y + 504 = 42. Let g(z) = -10*z**3 + 2*z - 2. Let f be g(3). Let d = y - f. What is the units digit of d?
2
Let p(h) = 13*h**2 - 7*h + 1. Suppose -4*c = -l + 13, -1 = -5*c + 5*l - 6. What is the hundreds digit of p(c)?
2
Let u = -37276 + 69863. What is the ten thousands digit of u?
3
Let l(m) = 653*m**3 + 4*m**2 - 21*m + 18. What is the tens digit of l(3)?
2
Suppose 0 = 4*o - 5*h - 3, h - 3 - 2 = 0. Let z = o + -2. Suppose 3*b = 2*a + 175, 5*a + 170 = z*b - 115. What is the units digit of b?
1
Suppose -u - k - 73 = -0*u, 3*u - 3*k + 231 = 0. What is the hundreds digit of 5576/20*u/(-30)?
6
Suppose -8*y - 15508 = -69892. What is the hundreds digit of y?
7
What is the ten thousands digit of 9749*55/44*4*1?
4
Let b = -428 - -432. Suppose 1465 = -5*p + 7*p - 3*s, -3652 = -5*p + b*s. What is the hundreds digit of p?
7
Let a(i) = -11*i - 31. Let g(u) = -5*u - 16. Let p(s) = -6*a(s) + 14*g(s). Let o be p(-12). What is the hundreds digit of 30/(-75) + 2284/o?
2
Suppose -w + 1161 = -4*w. Let v be (-7)/(-14) - w/6. Suppose 3*m - m + 4*l - 14 = 0, 5*m - 5*l - v = 0. What is the units digit of m?
1
Let f = -37 + 115. Let x be 15/(18/9 - f/40). Suppose -5*s + 755 = 5*d, 0 = s - 3*s - 3*d + x. What is the tens digit of s?
5
Let x(a) = 20*a - 135. Let l be x(8). What is the hundreds digit of 35702/l - (-94)/(-1175)?
4
Suppose 96 = 46*q + 4. Suppose 1001 = p + 4*t, -q*p - 6*t + 2005 = -t. What is the units digit of p?
5
Let a be 1737/(-5) - (444/(-60) + 7). Let t = -273 - a. What is the tens digit of t?
7
Let d(q) = 4730*q - 291. What is the thousands digit of d(4)?
8
Suppose 4*l + 5*x = 149828, -219*l + x = -224*l + 187327. What is the tens digit of l?
6
Suppose -7*o - 102 = -9*o. Suppose 2*r - 2*l - 1002 = 0, 0 = 50*r - o*r + 3*l + 509. What is the units digit of r?
7
Let r(f) = -3*f + 9. Let b be r(3). Suppose b = j + 10 + 15. What is the units digit of (-10)/j - (-163)/5?
3
Let t(m) = 2*m**3 + 26*m**2 - 513*m + 48. What is the units digit of t(23)?
7
Suppose -13*v - 100130 = 33*v - 612570. What is the hundreds digit of v?
1
Let w be 2 + -3 - 549/6*-2. Let z(f) = 4*f - 67*f**2 + 15 - 11 + w*f**2. What is the tens digit of z(-1)?
1
Suppose -4*a - 58*s + 18754 = -56*s, 5*a - 5*s = 23405. What is the hundreds digit of a?
6
Suppose 6 = 3*m - 24. Suppose m*n + 2*n = 0. Suppose n = -t - 3*a + 26, 5*t = 3*a + a + 130. What is the tens digit of t?
2
Let a(i) = -i**3 + 121*i**2 + 155*i - 1014. What is the units digit of a(120)?
6
Suppose 2*l + u + 4*u - 13 = 0, 2*u + 6 = 2*l. Let d(m) = 25*m**2 + 5*m - 11. What is the units digit of d(l)?
9
Let z(b) = 12*b**2 - 35*b - 240. What is the tens digit of z(-13)?
4
Let f = 9440 + -6442. What is the tens digit of f?
9
Suppose -2*k = 4*r + 2*k - 20, -5*r = 3*k - 25. Let i(g) = 101*g - 25. What is the hundreds digit of i(r)?
4
Let w(u) = -12*u**3 + 2*u**2 - 3*u + 1. Let c be w(2). Let h = 215 + c. Suppose -2*n + h = -106. What is the tens digit of n?
1
Let o be (-10)/(-4) + 2/(-2 - 2). Suppose 3*v + o*v = 210. Let c = v - 24. What is the tens digit of c?
1
Let m(d) = -5*d**2 - 12*d + 103. Let i be m(15). Let p = 2822 + i. What is the hundreds digit of p?
6
Let y(l) = 2*l**2 - 5*l + 19. Let g(k) = -k**3 - 10*k**2 + 1. Let z be g(-10). Let i be z*(-2 - (-10 - -2)). What is the units digit of y(i)?
1
Let c = 5 - -6. Let x = c + 181. What is the units digit of x?
2
Suppose -16*h - 4*h + 50020 = 0. Let y = -1592 + h. What is the units digit of y?
9
Suppose 162475 + 38684 = 64*u - 8889. What is the hundreds digit of u?
2
Suppose 3690 = -5494*j + 5484*j + 13800. What is the units digit of j?
1
Let c(x) = -x**3 + 52*x**2 - 36*x + 202. What is the ten thousands digit of c(25)?
1
Suppose -79*m = -104*m + 63400. What is the hundreds digit of m?
5
Let m(o) = 73 + 8*o + 204*o**3 - 62 - 6*o**2 - 194*o**3. What is the tens digit of m(4)?
8
Suppose 94*u - 99*u - 5*h = -85, 35 = u - 5*h. Suppose 12462 = u*p - 2798. What is the units digit of p?
3
Let u be 46048/80 + (-9)/15. Let c = 906 - u. What is the units digit of c?
1
Let n = 121142 + -32020. What is the hundreds digit of n?
1
Let x(v) = 11*v + 0*v**2 + 3*v**2 + v**2 - 15 - 2*v**2. Let n be x(-10). Suppose 4*k = 4*u - 300, -2*u - 3*k + 75 = -n. What is the units digit of u?
5
Suppose -5*f + 1435 + 1353 = 3*r, 5*r = -4*f + 2233. Let m = f - 177. What is the units digit of m?
0
Suppose -237600 = 407*r - 431*r. What is the units digit of r?
0
Suppose 0 = 34*c - 30*c - 16. Suppose -c*h + 6*y = 4*y + 250, -2*y = -3*h - 186. What is the tens digit of (-3)/(134/h + 0 + 2)?
3
Let g(i) = 8*i - 8. Let d be g(1). Suppose -37*f + 41*f - 2472 = d. What is the tens digit of f?
1
Suppose 16 = 4*s - 0. Suppose s*v = 567 + 577. What is the tens digit of v?
8
Suppose -14*a + 15*a = 11. Suppose 12 = -4*j, 4*n - 4 = j + a. Suppose 5*g = -5*y + 180, -2*g - 36 = -n*g - 3*y. What is the tens digit of g?
3
What is the hundreds digit of 5960/(-6)*3705/(-380)?
6
Let v(u) = -u + 9. Let f be v(3). Suppose 2*r = f*r - 16. What is the units digit of (-1)/(((-16)/116